 of -x**2 + 5*x - 2. Suppose -8 = 5*f - 33. What is o(f)?
-5
Suppose 5*q - 60 = -0*q. Let c(s) = -q + 0*s**3 + 0*s**3 + s + s**3. Calculate c(0).
-12
Let h = 15 - 13. Let w(b) = -8*b + 1. What is w(h)?
-15
Let h(m) be the third derivative of m**5/60 - 5*m**4/24 + m**3/2 + 154*m**2. Let u = -84 + 118. Suppose -14 = 5*z - u. Determine h(z).
-1
Let l(p) be the first derivative of p**2/2 - 11*p + 2. Let y be l(10). Let j(t) = 7*t**2 - t. Calculate j(y).
8
Let t = -2 + 8. Let l(r) = r**3 - r**2 + t*r + 4 + 1 - 4 - 7*r. What is l(2)?
3
Let h(m) = m**3 + 8*m**2 - 5*m + 4. Let j(a) = a**2 - a + 1. Let b(p) = h(p) - 6*j(p). What is b(-3)?
-14
Let f(w) = -w + 3. Let q be f(3). Suppose q*b = -b - 2. Let n = 3 - b. Let c(l) = -l**3 + 4*l**2 + 5*l - 5. Determine c(n).
-5
Let i(g) = 8*g - g + 0*g - 2*g**2 - 3*g**2 - g**3. What is i(-6)?
-6
Let p(s) = s**3 - 4*s**2 - 2*s + 2. Suppose 7 = 4*l - 21. Suppose -4*o + l = -9. Give p(o).
-6
Let i(b) be the third derivative of -b**6/120 + b**5/60 + b**4/24 + 7*b**3/3 - 7*b**2. What is i(0)?
14
Let a(d) = 1025 - 1030 + 0*d + 4*d. Determine a(5).
15
Let j = -3 + 5. Let y(q) = 2*q + 3*q**2 - 10*q + q**3 - 8 + 3*q**j. Let o be y(-7). Let t(z) = 5*z**3 + z**2 + z. What is t(o)?
-5
Let y be (-2 - -1)/((-6)/12). Let n(s) = s + 1 - 4 - s**3 - 4*s**y + 0*s. Let j(x) = 5*x + 1. Let p be j(-1). What is n(p)?
-7
Let p(c) = -3*c**2 + 4*c - 5. Let u(t) = -7*t**2 + 9*t - 10. Let g(o) = -9*p(o) + 4*u(o). Calculate g(4).
-11
Let b be 5/(-10)*4*1. Let u(n) be the first derivative of 2*n**3/3 - n**2/2 + 1. Give u(b).
10
Let w(l) = -l - 3. Let h be w(-4). Let r(b) = -6*b**3 - b**2 + b - 1. Calculate r(h).
-7
Let o be 50/18 + 6/27. Let z(h) = h + o*h + 0*h. Suppose 5*n = -2 - 3. Determine z(n).
-4
Let y = 9 + -6. Let q = 5 - y. Let m(z) = 0*z**3 - 3 + z**3 - 3*z**2 - q*z + 6*z. Give m(2).
1
Let q(n) = 2 - 2 + 5 + 9*n. Let o(u) = -8*u - 4. Let h(l) = -4*o(l) - 3*q(l). Let t = -2 + 1. Calculate h(t).
-4
Let m be (-2 + 1)*12 + 6. Let f(n) be the first derivative of -n**3/3 - 3*n**2 - 6*n + 1. Determine f(m).
-6
Let q(g) = -2*g**3 - g**2 + 1. Let z(m) = -11*m**3 - 5*m**2 + 3. Let b(r) = -5*q(r) + z(r). Suppose -4*o = -o + 6. Determine b(o).
6
Let q be (-4)/(-6)*3*-4. Let n(o) = o - 8. What is n(q)?
-16
Let k = -5 - -7. Suppose -t - w = k*t + 11, t - w = -5. Let d(r) be the third derivative of -r**4/24 - r**3/6 + 2*r**2. Give d(t).
3
Let z(k) = k**2. Let q(c) = -c**3 + 3*c**2 + 2*c + 2. Let v(g) = -q(g) - 3*z(g). Calculate v(7).
33
Suppose 4*t + 9 - 25 = 0. Let x(r) = -t*r**2 - r**3 + 1 + 1 + 4*r - 5*r. Let i(m) = m**3 - 6*m**2 - 4. Let g be i(6). Calculate x(g).
6
Let b(c) = c**2 - 6*c + 2. Let s be b(5). Let q = -1 - s. Suppose x - 1 = q*h - 3*h, -x - 7 = 5*h. Let f(d) = -2*d**3 - 2*d**2 + 2*d. Give f(h).
4
Let l(p) = -4*p + 2*p - 3*p. Let s = -4 + 7. Let a be -2*(-1)/(-6)*s. Determine l(a).
5
Suppose -2*y - 9 = -m, -55 = 5*y + m + 3*m. Let n(g) = g**3 + 6*g**2 - 7*g - 4. Give n(y).
-4
Suppose 0 = 3*z + 3*q - 5 - 19, 2*z + 3*q - 20 = 0. Let d be z/(-6) + (-235)/(-15). Suppose 0 = 3*y - 0 - d. Let o(l) = 2*l - 6. Determine o(y).
4
Let g(k) = -1. Let y(l) = -l - 4. Let r(d) = -11*g(d) + 4*y(d). Give r(-4).
11
Let o(x) = -x**2 - 3*x + 7. Let b be o(-5). Let h be -4 + -4 + (-3)/b. Let w(p) = -3*p**2 + 2. Let y(j) = 2*j**2 - 1. Let m(u) = h*y(u) - 4*w(u). What is m(-1)?
-3
Let h(u) = u**2 - 11*u - 7. Let t(q) = -3*q - 1. Let v(k) = -h(k) + 6*t(k). Suppose -d = -2*d - o - 2, 4*d + 12 = -2*o. Give v(d).
13
Suppose h = -1 - 2. Let b(r) = r**3 + 3*r**2 - 3*r + 4. Give b(h).
13
Let c(s) be the second derivative of 1/4*s**4 - 1/2*s**3 - 3*s + 0 - 1/20*s**5 + 1/2*s**2. Determine c(2).
-1
Let i(u) = -u. Let b = 5 + -3. Suppose -b*g = g. Give i(g).
0
Suppose -2*g - 13 = 5*q, 4*q - 5 = -5*g - 29. Let v(l) = -5 + 16*l + 0 + 4. Calculate v(q).
-17
Let v(m) be the first derivative of m**4/24 - 2*m**3/3 - m**2 + 1. Let p(c) be the second derivative of v(c). Give p(0).
-4
Let n(q) be the third derivative of q**5/60 + 7*q**4/24 + 5*q**3/6 + 2*q**2. Give n(-5).
-5
Let l(h) = -2*h + 1. Let k = 21 + -19. Determine l(k).
-3
Let a(x) = -2*x**2 - x**3 - 2*x**2 - 2 + 2*x**2 + 5*x. What is a(-4)?
10
Let p(n) be the second derivative of 3*n + n**3 + 0 - 1/12*n**4 + 1/2*n**2. Calculate p(5).
6
Let j(r) = -r**2 + 3*r + 7. Suppose 16 = -4*b + 4. Let f(l) = -l**2 + 3*l + 6. Let m(i) = b*j(i) + 4*f(i). Let c be m(4). Let v(p) = -6*p - 1. What is v(c)?
5
Let j(b) = -b**3 + b. Let a be j(-1). Let n be a*(4/(-2))/4. Let o(u) = -u**2 - u - 1. Determine o(n).
-1
Let z(k) = -k**3 + k - 6. Suppose 13*a - 17*a = 0. Give z(a).
-6
Let v = -26 + 32. Let w(g) = 2*g**2 - 9*g. What is w(v)?
18
Let i be ((-8)/10)/(2/10). Let k(h) = -h**3 - h**2 - 1. Let z(v) = -7*v**3 - 5*v**2 - 7 + v - 2*v - 4*v**2 + 4*v. Let r(x) = -6*k(x) + z(x). Give r(i).
3
Let b(z) be the first derivative of 5*z + 1/2*z**2 - 2. Suppose k + v = -k - 13, 5*v = -5*k - 45. Give b(k).
1
Suppose 5*l + 3*y = 10, -2*l - 5 = -6*l - 3*y. Suppose -4*h + l = -11. Let g(c) be the third derivative of -c**5/60 + c**4/4 - c**3/2 - 2*c**2. Give g(h).
5
Let j = 3 - 3. Suppose 3*y + 20 = 8*y, j = -4*h - 3*y - 24. Let f be 3/h + 4/3. Let p(k) = k**2 - 2*k. Give p(f).
-1
Let n = -15 - -8. Let c = 3 - n. Suppose -m - 2*d + c = m, d = 5*m - 19. Let z(q) = q**2 - 4*q + 3. Calculate z(m).
3
Let y(z) = 18*z - 5. Let k(l) = 35*l - 9. Let h(c) = -4*k(c) + 7*y(c). Determine h(1).
-13
Let l(c) be the first derivative of -5*c + 2*c**2 - 1/3*c**3 + 7. Determine l(4).
-5
Let g(n) = -n**2 - 11*n - 12. Let s be g(-8). Let r be (-2)/(-4) - 42/s. Let h(t) = t**3 + 2*t**2 - 2*t + 1. What is h(r)?
-2
Let d(p) be the second derivative of -p**8/6720 - p**7/504 + p**6/720 - p**5/60 - p**4/6 + p. Let y(v) be the third derivative of d(v). What is y(-5)?
-7
Let h(j) = j**3 - j - 1. Let y(o) = -5*o**3 - 3*o**3 + 2 + 2*o**3 + 3*o - 2*o**2. Let c(w) = 4*h(w) + y(w). Let p be (-1)/(-2*1/(-4)). What is c(p)?
8
Let d(f) = 3*f - 3. Let b be d(3). Let n(i) = i**2 - 2*i - 7. Let k(x) = 2*x**2 - 5*x - 14. Let j(l) = b*k(l) - 13*n(l). Suppose -6*g = 22 + 8. Calculate j(g).
2
Suppose 3*o + 3 - 18 = -4*w, 0 = 4*o - 2*w - 20. Let y = o + -5. Let q(k) = -k**2 + k - 1. Let l(m) = 3*m**2 - 5*m + 9. Let g(b) = l(b) + 4*q(b). What is g(y)?
5
Let z(d) be the first derivative of d**2 + 4*d - 32. Determine z(-4).
-4
Let d(s) be the third derivative of -2*s**2 + 0*s - 1/12*s**4 + 0 - 1/2*s**3 - 1/30*s**5. Suppose x + 10 = -3*h, -3*h - 21 = 4*x + 1. Give d(h).
-7
Let x be (-1)/(3*(-19 + -1)). Let v(l) be the third derivative of 1/2*l**3 + 0*l + 1/6*l**4 + 0 - x*l**5 + l**2. Calculate v(3).
6
Let k(x) = 4*x**3 + x**2 + x - 1. Let c be k(1). Let m(s) be the second derivative of -1/20*s**5 + 3/2*s**2 + 1/2*s**4 - s**3 + 0 + 4*s. Give m(c).
-2
Let r(w) = -w - 4. Let t(k) = -k**3 + k - 4. Let u be t(0). Give r(u).
0
Let q(c) be the first derivative of 4 - 2*c + 1/2*c**2 - 1/3*c**3. What is q(0)?
-2
Let l = 7 + -8. Let r(v) be the first derivative of 7*v**4/4 + v**3/3 + v**2/2 + v + 1. Determine r(l).
-6
Let v(m) = 18*m**2 - 3 + 3*m**2 + 2*m - 2 - 6. Let g(q) = -10*q**2 - q + 5. Let h(b) = 13*g(b) + 6*v(b). Give h(-2).
-15
Let h(r) = -r**3 + 8*r**2 - 6*r - 5. Let a(q) = q**2 - q - 1. Let m(b) = -2*a(b) + h(b). Let o = 40 + -35. Calculate m(o).
2
Suppose 0 = -3*n - 1 + 10. Suppose -4*h + 2*z = -32, 2*h + h - n*z = 27. Let g(l) = 8 - l - h + 3*l. Determine g(-1).
-1
Let o(u) be the second derivative of -11*u**4/12 + u**2/2 + 3*u. Calculate o(-1).
-10
Let n(z) be the second derivative of -7*z**5/20 + z**3/3 - z**2/2 - 3*z. Determine n(1).
-6
Let r(g) = 5*g**3 - 1. Let n(o) = 2*o**3 - o**2. Let v be n(1). What is r(v)?
4
Let a(v) = -v**2 + 1. Let n(m) = -4*m**2 - m + 5. Let i(j) = -6*a(j) + n(j). Let r be i(2). Let x(l) = 3*l + 2*l - 6*l. Determine x(r).
-5
Suppose 3*h + 2*h = -3*d + 14, -2*d = 5*h - 16. Suppose -12 = -4*p + p. Let w(n) = n**3 + 3*n - n**3 - p*n + 2*n**2 + 2*n**3. Give w(d).
-6
Let p(x) = -x**2 - 7*x + 8. Let y be 2/3*378/(-36). Give p(y).
8
Let z(p) be the second derivative of -2/3*p**3 - 2*p**2 + 2*p + 0. Determine z(-3).
8
Let j(i) = 7*i + 2. Suppose -1 = -l + 4*v - 2, -2*v - 1 = -l. Let d = -50 - -55. Let h = l - d. Calculate j(h).
-12
Let y(t) = -4*t + 1. Let l be 0/